{"id":89,"date":"2013-08-11T19:06:15","date_gmt":"2013-08-11T19:06:15","guid":{"rendered":"http:\/\/localhost:8888\/test\/?page_id=520"},"modified":"2022-06-01T10:42:34","modified_gmt":"2022-06-01T13:42:34","slug":"quem-somos","status":"publish","type":"page","link":"https:\/\/unisatcomercial.com.br\/home\/quem-somos\/","title":{"rendered":"Quem Somos"},"content":{"rendered":"\n  <div class=\"banner has-hover has-parallax\" id=\"banner-780582730\">\n          <div class=\"banner-inner fill\">\n        <div class=\"banner-bg fill\" data-parallax=\"-3\" data-parallax-container=\".banner\" data-parallax-background>\n            <div class=\"bg fill bg-fill \"><\/div>\n                        <div class=\"overlay\"><\/div>            \n                    <\/div>\n\t\t\n        <div class=\"banner-layers container\">\n            <div class=\"fill banner-link\"><\/div>            \n   <div id=\"text-box-1395911195\" class=\"text-box banner-layer x50 md-x50 lg-x50 y40 md-y40 lg-y40 res-text\">\n                                <div class=\"text-box-content text dark\">\n              \n              <div class=\"text-inner text-center\">\n                  \n<h1 class=\"lead\">Quem Somos<\/h1>\n              <\/div>\n           <\/div>\n                            \n<style>\n#text-box-1395911195 {\n  width: 60%;\n}\n#text-box-1395911195 .text-box-content {\n  font-size: 100%;\n}\n<\/style>\n    <\/div>\n \n        <\/div>\n      <\/div>\n\n            \n<style>\n#banner-780582730 {\n  padding-top: 507px;\n}\n#banner-780582730 .bg.bg-loaded {\n  background-image: url(https:\/\/unisatcomercial.com.br\/home\/wp-content\/uploads\/2022\/05\/quemsomos.jpg);\n}\n#banner-780582730 .overlay {\n  background-color: rgba(0, 0, 0, 0.49);\n}\n#banner-780582730 .ux-shape-divider--top svg {\n  height: 150px;\n  --divider-top-width: 100%;\n}\n#banner-780582730 .ux-shape-divider--bottom svg {\n  height: 150px;\n  --divider-width: 100%;\n}\n<\/style>\n  <\/div>\n\n\n<div class=\"row\"  id=\"row-1586532327\">\n\n\t<div id=\"col-256905853\" class=\"col small-12 large-12\"  >\n\t\t\t\t<div class=\"col-inner\"  >\n\t\t\t\n\t\t\t\n<p class=\"lead text-center\">A Unisat Comercial Ltda foi fundada na cidade de Campinas\/SP em meados de 1993 pelo seu atual diretor Antonio Carlos Dela Libera. Com foco na distribui\u00e7\u00e3o de produtos importados, a empresa foi se desenvolvendo e estabelecendo uma forte rela\u00e7\u00e3o com seus clientes e colaboradores.<\/p>\n<p class=\"lead text-center\">No ano 2000 surgiu a oportunidade de transferir a empresa para Blumenau\/SC devido ao grande fluxo de neg\u00f3cios na regi\u00e3o sul .<\/p>\n<p class=\"lead text-center\">A partir da\u00ed nossa log\u00edstica avan\u00e7a de acordo com a velocidade que temos que empreender, prezando pela agilidade na entrega e qualidade do produto.Com a for\u00e7a do trabalho de uma equipe vencedora, buscamos lugar em destaque no cen\u00e1rio atacadista.<\/p>\n<div class=\"text-center\"><div class=\"is-divider divider clearfix\" ><\/div><\/div>\n\t\t<\/div>\n\t\t\t\t\t<\/div>\n\n\t\n<\/div>\n","protected":false},"excerpt":{"rendered":"","protected":false},"author":1,"featured_media":10,"parent":0,"menu_order":0,"comment_status":"closed","ping_status":"closed","template":"page-blank.php","meta":{"footnotes":""},"class_list":["post-89","page","type-page","status-publish","has-post-thumbnail","hentry"],"_links":{"self":[{"href":"https:\/\/unisatcomercial.com.br\/home\/wp-json\/wp\/v2\/pages\/89","targetHints":{"allow":["GET"]}}],"collection":[{"href":"https:\/\/unisatcomercial.com.br\/home\/wp-json\/wp\/v2\/pages"}],"about":[{"href":"https:\/\/unisatcomercial.com.br\/home\/wp-json\/wp\/v2\/types\/page"}],"author":[{"embeddable":true,"href":"https:\/\/unisatcomercial.com.br\/home\/wp-json\/wp\/v2\/users\/1"}],"replies":[{"embeddable":true,"href":"https:\/\/unisatcomercial.com.br\/home\/wp-json\/wp\/v2\/comments?post=89"}],"version-history":[{"count":7,"href":"https:\/\/unisatcomercial.com.br\/home\/wp-json\/wp\/v2\/pages\/89\/revisions"}],"predecessor-version":[{"id":2393,"href":"https:\/\/unisatcomercial.com.br\/home\/wp-json\/wp\/v2\/pages\/89\/revisions\/2393"}],"wp:featuredmedia":[{"embeddable":true,"href":"https:\/\/unisatcomercial.com.br\/home\/wp-json\/wp\/v2\/media\/10"}],"wp:attachment":[{"href":"https:\/\/unisatcomercial.com.br\/home\/wp-json\/wp\/v2\/media?parent=89"}],"curies":[{"name":"wp","href":"https:\/\/api.w.org\/{rel}","templated":true}]}}